233
-10700 (base 12) to base 13
-9b88
What is 54330 (base 6) in base 13?
3528
Convert 111100101 (base 2) to base 12.
345
Convert 1532 (base 6) to base 12.
2a8
Convert -14324 (base 5) to base 2.
-10010111110
314 (base 10) to base 15
15e
-1430 (base 12) to base 9
-3180
What is 7437 (base 10) in base 15?
230c
-424b (base 14) to base 2
-10110010101011
114304 (base 5) to base 13
1c80
What is 2010211 (base 3) in base 4?
120121
What is -10101101011 (base 2) in base 4?
-111223
What is 112201 (base 4) in base 15?
661
Convert 33a5 (base 11) to base 14.
18b5
Convert 1310031 (base 4) to base 2.
1110100001101
Convert -214 (base 16) to base 13.
-31c
2464 (base 7) to base 9
1241
-100101101011 (base 2) to base 12
-148b
-2c1ba (base 13) to base 14
-22784
Convert 10101010001 (base 2) to base 7.
3653
Convert -15279 (base 12) to base 7.
-152520
100012201 (base 3) to base 13
3097
Convert -2682 (base 11) to base 3.
-11202211
What is 157525 (base 8) in base 5?
3312143
Convert -6bb (base 13) to base 12.
-814
What is -a (base 15) in base 5?
-20
-11210 (base 3) to base 10
-129
Convert -102111012 (base 3) to base 9.
-12435
Convert -3512 (base 7) to base 3.
-1202112
What is -24184 (base 9) in base 6?
-202551
Convert -1ba4 (base 16) to base 4.
-1232210
652 (base 16) to base 9
2187
What is -77b3 (base 15) in base 6?
-313240
What is -2a9 (base 11) in base 12?
-261
1030 (base 4) to base 9
84
What is -1000101 (base 2) in base 3?
-2120
2845 (base 9) to base 11
1682
Convert -11772 (base 10) to base 9.
-17130
Convert 11201 (base 4) to base 8.
541
8118 (base 9) to base 12
3522
What is -1201 (base 3) in base 5?
-141
What is 31a (base 14) in base 11?
507
-231a (base 11) to base 15
-d81
Convert -7 (base 14) to base 10.
-7
What is -e5e (base 15) in base 12?
-1a5b
What is 3b79 (base 12) in base 10?
6861
What is 101201 (base 3) in base 2?
100100001
103341 (base 5) to base 13
1838
What is 29d (base 14) in base 11?
443
Convert -7a0d (base 14) to base 9.
-32044
What is 1bb (base 14) in base 16?
169
Convert -74148 (base 9) to base 15.
-e798
Convert 189e (base 16) to base 6.
45102
Convert 2292 (base 13) to base 3.
20122200
What is a0c (base 14) in base 6?
13044
-111 (base 10) to base 11
-a1
Convert -1152 (base 7) to base 6.
-1553
Convert -130 (base 15) to base 13.
-17a
What is -107567 (base 8) in base 13?
-13942
What is -3829 (base 11) in base 8?
-11600
What is -485 (base 13) in base 11?
-654
2ac (base 13) to base 16
1e0
20466 (base 10) to base 13
9414
591c (base 16) to base 14
8456
Convert -3122133 (base 4) to base 2.
-11011010011111
5726 (base 11) to base 16
1d6a
11277 (base 8) to base 5
123144
Convert 1424 (base 5) to base 16.
ef
What is -1442 (base 6) in base 10?
-386
What is -10101110011101 (base 2) in base 7?
-44360
What is -1101110000110 (base 2) in base 9?
-10588
1110100011 (base 2) to base 9
1244
What is 127b (base 13) in base 8?
5115
2a8 (base 13) to base 7
1250
What is -2712 (base 8) in base 9?
-2026
-780 (base 13) to base 5
-20122
6017 (base 8) to base 2
110000001111
What is b2c7 (base 13) in base 15?
7498
Convert 541 (base 8) to base 5.
2403
Convert -675 (base 8) to base 7.
-1204
What is 1354 (base 7) in base 5?
4104
-9610 (base 11) to base 4
-3012230
dd (base 16) to base 12
165
What is 403225 (base 7) in base 15?
153d4
Convert -4b37 (base 12) to base 16.
-215b
What is -161 (base 14) in base 15?
-13b
330502 (base 6) to base 14
9db0
What is e60e (base 16) in base 4?
32120032
-210022 (base 3) to base 15
-285
What is 4805 (base 9) in base 13?
1817
Convert -12322 (base 5) to base 12.
-682
Convert -14a (base 12) to base 16.
-ca
3503 (base 9) to base 13
1248
What is -331133 (base 4) in base 14?
-1611
Convert -12211121 (base 3) to base 11.
-3219
1043 (base 6) to base 16
f3
Convert 1ec (base 16) to base 14.
272
What is -2100120222 (base 3) in base 9?
-70528
What is -111010000 (base 2) in base 6?
-2052
-143 (base 5) to base 9
-53
1012 (base 3) to base 14
24
What is 14e (base 16) in base 14?
19c
-27612 (base 8) to base 6
-132202
What is 23437 (base 11) in base 8?
102007
What is -206b (base 13) in base 5?
-120413
Convert 2313 (base 6) to base 10.
549
What is b85 (base 12) in base 10?
1685
-214d (base 15) to base 13
-3292
Convert -2a446 (base 12) to base 16.
-e7f6
-6255 (base 7) to base 4
-202110
What is -1a47 (base 12) in base 13?
-160c
Convert -2202222 (base 3) to base 5.
-31044
Convert -111100111110010 (base 2) to base 15.
-93b3
Convert -324 (base 5) to base 14.
-65
What is 53 (base 13) in base 2?
1000100
Convert -1102110 (base 4) to base 2.
-1010010010100
Convert 102210010 (base 3) to base 5.
233324
100100110111 (base 2) to base 14
c07
-c293 (base 13) to base 5
-1324242
-23425 (base 7) to base 11
-45a7
What is -896 (base 10) in base 5?
-12041
What is 46131 (base 7) in base 13?
5457
-1a1 (base 11) to base 14
-128
What is 147 (base 13) in base 6?
1020
What is -27187 (base 9) in base 3?
-221012221
What is 3706 (base 13) in base 2?
1111001100100
Convert -1125 (base 8) to base 9.
-733
30516 (base 7) to base 5
214321
Convert 31313 (base 5) to base 8.
4043
Convert -32a76 (base 11) to base 15.
-e2bd
Convert 7b5 (base 13) to base 7.
3611
-21211 (base 4) to base 6
-2501
What is 1465 (base 11) in base 13?
b21
-321200 (base 4) to base 2
-111001100000
What is -750 (base 8) in base 7?
-1265
What is 310321 (base 4) in base 9?
4571
1007 (base 15) to base 8
6466
What is 16564 (base 8) in base 3?
101100021
What is 4e (base 16) in base 9?
86
Convert -1069 (base 11) to base 10.
-1406
Convert -1011111000101 (base 2) to base 11.
-4632
What is -c1d (base 14) in base 3?
-10021010
278 (base 10) to base 11
233
Convert 26607 (base 10) to base 8.
63757
20b3 (base 15) to base 13
31c2
10111001000111 (base 2) to base 12
6a33
-10430 (base 5) to base 6
-3232
30cc (base 14) to base 5
232122
-5aa2 (base 14) to base 15
-4a4c
-1012102 (base 4) to base 6
-32454
What is -243010 (base 5) in base 14?
-3482
What is -25150 (base 11) in base 5?
-2123423
What is -b13 (base 13) in base 7?
-5316
10001001100000 (base 2) to base 7
34441
Convert 122012 (base 3) to base 2.
111010000
Convert -835 (base 9) to base 4.
-22220
Convert 2002 (base 6) to base 7.
1160
-39b (base 16) to base 13
-560
-221211011 (base 3) to base 11
-13162
What is 55e (base 15) in base 13?
725
Convert 3811 (base 16) to base 2.
11100000010001
5340 (base 6) to base 15
55c
Convert -100113 (base 5) to base 12.
-19b2
Convert -31d (base 15) to base 3.
-222001
What is 76b (base 13) in base 7?
3465
Convert 2a92 (base 12) to base 7.
20411
What is 1065 (base 9) in base 4?
30110
-24228 (base 9) to base 16
-3f62
Convert -1551 (base 7) to base 14.
-328
What is -358 (base 10) in base 3?
-111021
What is 211222110 (base 3) in base 9?
24873
Convert 20453 (base 6) to base 3.
10210120
What is -3e5 (base 15) in base 5?
-12030
-430202 (base 5) to base 8
-34133
-2713 (base 10) to base 7
-10624
Convert 2112313 (base 4) to base 8.
22667
What is -724 (base 9) in base 13?
-364
Convert 546c (base 13) to base 2.
10110111100111
Convert -2542 (base 6) to base 2.
-1001111110
Convert -9d6 (base 15) to base 6.
-14150
What is 1371 (base 8) in base 13?
467
-5688 (base 11) to base 13
-3532
What is 5cd (base 16) in base 9?
2030
Convert -676 (base 13) to base 15.
-4e1
58ca (base 16) to base 6
253122
What is 10001000111 (base 2) in base 5?
13340
Convert 100222 (base 3) to base 5.
2034
Convert 180a (base 12) to base 15.
cca
Convert -614 (base 16) to base 6.
-11112
-b34 (base 14) to base 8
-4232
Convert 3dd (base 14) to base 15.
373
What is 4582 (base 12) in base 11?
5898
Convert 14aa1 (base 13) to base 11.
2747a
-303 (base 7) to base 8
-226
Convert 51344 (base 6) to base 11.
5151
Convert -100212101 (base 3) to base 6.
-53144
What is -63121 (base 8) in base 10?
-26193
Convert -24d1 (base 16) to base 14.
-3613
What is 2306 (base 7) in base 13?
4c7
Convert -839 (base 12) to base 14.
-617
-1113031 (base 4) to base 15
-19c1
Convert 226 (base 14) to base 5.
3201
-31cb (base 13) to base 10
-6927
What is 6774 (base 8) in base 15?
10da
Convert -10233 (base 5) to base 8.
-1265
Convert -2573 (base 8) to base 6.
-10255
What is 41 (base 8) in base 3?
1020
What is ba7 (base 13) in base 14?
a28
13f (base 16) to base 2
100111111
-1232423 (base 6) to base 8
-202177
-12c3 (base 14) to base 5
-101212
What is ad4a (bas